-18. What is the remainder when i is divided by 19?
16
Let m be (-675)/(-9) + (1 - 1). Suppose -w + 20 = 5*a, 4*w - 2*a - 115 = m. Let g = -1 - -24. What is the remainder when w is divided by g?
22
Suppose 22 = v - 3. Suppose -x + t = -v, -x - x + 3*t + 51 = 0. Let z = x + -15. Calculate the remainder when z is divided by 6.
3
Let w = 12 + -10. Calculate the remainder when ((-1)/w)/((-4)/200) is divided by 7.
4
Suppose 5*q - 798 = -2*q. Suppose -6*h + q + 192 = 0. Calculate the remainder when h is divided by 15.
6
Suppose b - 64 = 10. Calculate the remainder when b is divided by 30.
14
Let o = 177 + -100. What is the remainder when 221 is divided by o?
67
Let i(u) = u**2 + 24*u + 87. Let v be i(-20). Suppose 23*y = v*y + 816. What is the remainder when y is divided by 256/14 + 4/(-14)?
15
Suppose 6*d - 31 - 395 = 0. What is the remainder when 143 is divided by d?
1
Let u = 34 + -16. Let r(l) = -4*l**2 - 60*l + 68. What is the remainder when u is divided by r(-16)?
2
Let p(y) = y**3 - 18*y**2 - 39*y + 3. Calculate the remainder when 275 is divided by p(20).
22
Suppose 12 = -4*o, 26 = 2*y - 5*o + 7. Calculate the remainder when 51 is divided by (39/y)/((-21)/(-28)).
25
Suppose -5*j + 2*j + 138 = 0. Let h = -33 + j. What is the remainder when h is divided by 9?
4
Suppose 4*p - 3*p = 29. Let u = 70 - p. Calculate the remainder when u is divided by 15.
11
Let w = 154 + -85. Suppose 0 = -a + 6 + 12. What is the remainder when w is divided by a?
15
Suppose 2 = 2*t - 6. Suppose 0 = 6*f - t*f + 4*x - 28, 2*f = -x + 31. Calculate the remainder when f is divided by 5.
1
Suppose 1998 = -8*l + 35*l. What is the remainder when l is divided by 71?
3
Suppose v + v = 16. Calculate the remainder when -1 + ((-1 - 1) + 3)*v is divided by 6/12*(5 + -1).
1
Calculate the remainder when 2380/112*(2 + (-6)/15) is divided by 2.
0
Suppose -6*c + 378 = 3*c. Suppose o = 24 + 8. Let j = o - 21. Calculate the remainder when c is divided by j.
9
Suppose -4*g + g + 122 = -5*c, 0 = -4*g + 3*c + 181. Let q = g + -35. Calculate the remainder when q is divided by 4.
2
Suppose -w - 3*w = 0. Suppose -80 = -w*n - 2*n. Let j(l) = 11*l + 36. Calculate the remainder when n is divided by j(-2).
12
Calculate the remainder when 72 is divided by ((-2)/(-2))/((-64)/22 - -3).
6
Suppose 4*w = 9*w - 3*q - 21, q + 21 = 4*w. Calculate the remainder when 21 is divided by w.
3
Let n(p) be the first derivative of -4*p**2 - 9*p + 9. Calculate the remainder when n(-14) is divided by 27.
22
Suppose 0 = 2*n + 2*n + 3*t + 302, t + 75 = -n. Calculate the remainder when 112 is divided by n/22*152/(-14).
36
Suppose 5*u + 0*u - 148 = -2*l, -24 = -u + l. Calculate the remainder when 97 is divided by u.
13
Let w = 17 + 10. Suppose 0 = -7*d + 596 + w. Calculate the remainder when d is divided by 19.
13
Suppose 1527 = -20*j + 7207. Calculate the remainder when j is divided by 41.
38
Let u be ((-1056)/(-24))/(2/3). Suppose 3*z - 9 = 3*j, 3*j + 2*j - 35 = -5*z. Suppose -j*k = -5*k + u. What is the remainder when k is divided by 8?
6
What is the remainder when 155 is divided by (4/(-5) - 117/(-65)) + 106?
48
Suppose 0*x = 6*x + 24. Calculate the remainder when 85 is divided by (x + (-57)/(-6))*4.
19
Let z(m) be the second derivative of -m**5/20 + m**4/2 + 8*m**3/3 + m**2 + 42*m. Calculate the remainder when z(7) is divided by 34.
31
Suppose -2*w - 3*j + 24 = 0, 5*j - 3*j = -w + 10. Suppose 4*c - 3*h - 226 = 34, 2*h = 3*c - 196. Calculate the remainder when c is divided by w.
14
Suppose 3*l + 3*t - 213 = 0, -4*l = -t - 398 + 124. Calculate the remainder when l is divided by 20.
9
Suppose -2*q - 3*q = 80. Let u = q - -17. Suppose 0 = 4*c - 2*t - 8, -5*c + 2*c + 5*t = -13. What is the remainder when u is divided by c?
0
Let x(g) = g**3 - 7*g**2 + 8*g - 8. Let r be x(6). Suppose 0 = 2*b - r - 40. Suppose -20 - b = -3*p. What is the remainder when 25 is divided by p?
11
Suppose 4*m + 4 = 5*m. Suppose 72 + 104 = -m*z. Let u = z + 74. Calculate the remainder when 58 is divided by u.
28
Suppose w - 3*w = -3*d + 158, -5 = -w. Calculate the remainder when 276 is divided by d.
52
Suppose -y - 5*w = -11, -2*y = 25*w - 30*w - 37. Calculate the remainder when 317 is divided by y.
13
Let l = 384 - 212. Calculate the remainder when l is divided by 6.
4
Let n be (320/(-12))/((-2)/6). Let y = n - 74. Let m = 3 + 8. What is the remainder when m is divided by y?
5
Calculate the remainder when 373 is divided by (-38)/(-4) + (-27)/(-18).
10
Let r(d) be the second derivative of -1/3*d**3 + 0 - 8*d + 17/2*d**2. What is the remainder when 65 is divided by r(0)?
14
Let w = -5 - -1. Suppose -16 = 4*o - 0*o, 0 = t - 3*o + 92. What is the remainder when ((-6)/(-4))/(w/t) is divided by 14?
11
Let v be 8 - -1 - (3 - 5). Let n = 1 + v. What is the remainder when n is divided by (-12)/44 + 360/110?
0
Let s = -42 - -10. Let k = s + 21. Let x = k - -18. What is the remainder when x is divided by 3?
1
Let l(d) = d**3 - 4*d**2 + 16*d - 10. Let a be l(8). Suppose -a = -7*x + 459. What is the remainder when x is divided by 24?
23
Suppose -2*q + 3 + 5 = -4*n, -2*n + 6 = 0. Let j be 0/(-2) + 900/q. Suppose -m - 4*m = -j. What is the remainder when 71 is divided by m?
17
Let m = 257 - 227. What is the remainder when m is divided by 2?
0
Let w(f) = 2*f**2 - 10*f - 2. Let s(l) = l**3 + 4*l**2 - 12*l + 7. Let q be s(-6). Calculate the remainder when w(q) is divided by 15.
11
Let v = -310 - -546. What is the remainder when 12 is divided by v/30 + 4/30?
4
Suppose -4*c + 83 = -d, -4 + 2 = -c + 4*d. Let y = 1761 + -1755. What is the remainder when c is divided by y?
4
Let r(t) be the first derivative of 7*t**3/3 + t**2 - 2*t + 14. Calculate the remainder when 13 is divided by r(1).
6
Let v = -78 - -134. Calculate the remainder when 22 is divided by ((-24)/(-7))/(16/v).
10
What is the remainder when 31 is divided by 24/(-4) - 184/(-8)?
14
Suppose 2*v - 62 = 5*n, 20 = 4*n - v + 69. Let u = -10 - n. Suppose -4*t + 5*h + 57 = -20, u*t - 2*h - 38 = 0. Calculate the remainder when 33 is divided by t.
15
Let m = -52 - -48. What is the remainder when (1 + (-16)/m)*(-21)/(-5) is divided by 13?
8
Let p = 496 - 444. Calculate the remainder when p is divided by 20.
12
Suppose 0 = 14*u - 1243 - 143. What is the remainder when u is divided by 23?
7
Suppose -19*f = -15*f - 2796. What is the remainder when f is divided by 9?
6
Suppose -23*z + 9*z + 9912 = 0. Calculate the remainder when z is divided by 5.
3
Let r = -1735 + 1748. Calculate the remainder when (-4)/10*(-1 - 184) is divided by r.
9
Let f(w) = -79*w + 8. What is the remainder when f(-1) is divided by 44?
43
Let p(k) = -k**3 + 12*k**2 - 9*k + 2. Calculate the remainder when p(11) is divided by 13.
11
What is the remainder when -2 - 1/(-2)*38 is divided by (-1 + 11)/(6/6)?
7
Let k = -4 + 6. Let b = 9 + -7. Suppose x - 2*x = -b. What is the remainder when x is divided by k?
0
Let x(h) = h - 13. Let o be x(11). Calculate the remainder when 3 is divided by o/(2/((-3)/3)).
0
Let s = 95 - 91. Let k be (-1 - -7)/(-3) + 8. Suppose 36 = 3*u + k. Calculate the remainder when u is divided by s.
2
Suppose 11*l - 9*l = 18. What is the remainder when l is divided by 6?
3
Suppose 4*v + 25 = -3*k, -k + 3*k - 3*v = 6. Let o(l) = -49*l - 5. What is the remainder when o(k) is divided by 36?
34
What is the remainder when 294 is divided by -3*(84/(-7) - -9)?
6
Let t be (-2)/(-9) + 150/54. Suppose 4*c - d = 7, -4*d + 3 = c - t. Calculate the remainder when ((-6)/5)/((-12)/90) is divided by c.
1
Suppose -8949 = -41*c - 2389. What is the remainder when c is divided by 23?
22
Suppose 9*u - 13*u + 3*u = 0. Suppose -11*j + 15*j - 120 = u. Suppose 19 + 13 = 4*b. What is the remainder when j is divided by b?
6
Suppose -r + 2*m + 13 = -0*m, -4*m - 8 = 4*r. Suppose 19 = -r*t + 88. Suppose t = 4*i - 45. What is the remainder when 49 is divided by i?
15
Suppose 13*p - 12*p = 6. Let c(m) = 11*m - 1. Calculate the remainder when c(p) is divided by 18.
11
Let c(n) = -n**2 + 8*n - 1. Let r = 866 + -554. Let f be (-2)/(-9) - r/(-54). What is the remainder when 31 is divided by c(f)?
9
Suppose 9*a = 4*a. Let m(k) = -k**2 + 2*k + 17. Calculate the remainder when 83 is divided by m(a).
15
Let m = -97 - -384. Calculate the remainder when m is divided by